+ 49. Suppose -v = -3*r + 28. What is the remainder when 52 is divided by r?
16
Suppose 4*m = 15*m - 209. What is the remainder when 586/8 - (-2)/(-8) is divided by m?
16
Suppose -j - i + 10 = 0, -3*j = -5*i + 10 - 40. Suppose x + 12 = 3*x. Calculate the remainder when j is divided by x.
4
Suppose a = -u - 3*u + 104, -2*a - 8 = 0. Let b = -11 + u. Let w = 24 + -15. What is the remainder when b is divided by w?
7
Suppose -4*b - b + 205 = 0. What is the remainder when b is divided by 11?
8
Suppose 24 = 4*r - 32. Let f(k) = 23*k**3 + 2*k**2 - 1. Let s be f(1). Suppose 2*p + 111 = 3*d, -d - p + s = -6*p. What is the remainder when d is divided by r?
11
What is the remainder when 34 is divided by (-183)/(-15) - (-7)/(-35)?
10
What is the remainder when 50 is divided by (-270)/(-20)*(0 + 2)?
23
Let p = 74 - 49. Calculate the remainder when p is divided by 13.
12
Let a(d) = d + 11. What is the remainder when 54 is divided by a(8)?
16
Suppose -2*r + 19 + 1 = 0. What is the remainder when r is divided by 6?
4
Let f(o) = -2*o**3 - o**2 + 2*o. Suppose 0 = 5*u + 11 + 94. Let b be u/12 - (-3)/(-12). What is the remainder when 15 is divided by f(b)?
7
Suppose -2*q + 58 = 5*i - 6, -4*i = -2*q - 62. Suppose 5*l + 5*t = 200, 2*l + t - 50 - 29 = 0. What is the remainder when l is divided by i?
11
Let f = 118 - 106. Calculate the remainder when 45 is divided by f.
9
Let z(v) be the third derivative of v**5/60 + 5*v**4/24 + v**3 - 7*v**2. Suppose 2*x - 4 = -2*x. What is the remainder when z(-4) is divided by x?
0
Suppose 2*x = 5*z - 73, -4*z + 3*x + 19 = -45. What is the remainder when 21 is divided by z?
8
Let b = 5 - -20. Calculate the remainder when b is divided by 7.
4
Let j = -60 + 68. Calculate the remainder when j is divided by 5.
3
Let p = -29 - -91. What is the remainder when p is divided by 7?
6
Suppose -5*a + 4 = -41. Let w = 1 + 3. Suppose -4*d = w, -3*k - 2*d + 12 = d. Calculate the remainder when a is divided by k.
4
Suppose 5*r = 2*p - 0*p - 14, r = 3*p + 5. Let z = -3 - p. What is the remainder when 27 is divided by 5/(15/42) + z?
13
Suppose o - 5*a - 34 = 0, 3*a = -3*o + 39 + 9. What is the remainder when o is divided by (-4)/18 + 65/9?
5
Let a = 158 - 139. Let i(v) = -14*v - 1. What is the remainder when i(-4) is divided by a?
17
Let z = 50 - 41. What is the remainder when z is divided by 3?
0
Let v = -115 - -228. Calculate the remainder when v is divided by 29.
26
Let s be (-78)/(-15) - 1/5. Suppose n = 3 - 0. Calculate the remainder when n is divided by 3/(s/((-30)/(-9))).
1
Suppose 5*b - 94 = 4*m, -5*b + 3*m = m - 102. Calculate the remainder when 87 is divided by b.
21
Suppose 2*c + 61 = 2*s - 25, 3*s - 4*c - 124 = 0. Suppose -4*v + s + 56 = 0. What is the remainder when 77 is divided by v?
25
Suppose -15*z + 213 = -57. Let m(f) = -f**2 + 13*f + 10. Calculate the remainder when m(7) is divided by z.
16
Suppose -69 = -14*z + 11*z. Calculate the remainder when 42 is divided by z.
19
Let i = -116 + 143. Calculate the remainder when 134 is divided by i.
26
Let s(b) = 2*b**2 + 6*b + 8. Suppose -9*c = -11*c - 12. Let d(f) = f**2 + 2*f. What is the remainder when s(c) is divided by d(-5)?
14
Let o = -22 + 32. Suppose r - 3*z = o, 3*r + z = 2*r + 22. Suppose i + 4*l = -l + 35, 4*i - 5*l = 15. Calculate the remainder when r is divided by i.
9
Suppose 8*h - z = 3*h - 1, -10 = -2*h + 3*z. Let y = h + 5. Suppose -d - v = -8, -13 + 33 = 4*v. What is the remainder when y is divided by d?
1
Suppose -11 - 13 = -4*o - 4*d, -d + 1 = 0. Suppose 3*k - 6*k = -51. Calculate the remainder when k is divided by o.
2
Let i(v) = 13*v**2 - 25*v - 12. Let m(o) = -7*o**2 + 13*o + 6. Let b(t) = -6*i(t) - 11*m(t). What is the remainder when 10 is divided by b(7)?
4
Let t(h) = 17*h - 1. Suppose -5*l + 17 = d, 0*l = 4*l - 12. Calculate the remainder when t(d) is divided by 12.
9
Let c(b) = -b + 8. Let o = 14 + -7. What is the remainder when o is divided by c(4)?
3
Let c be 0*(-3)/(-12) + 0. Calculate the remainder when 39 is divided by 0/1 - (c - 14).
11
Let w = -64 - -99. Let j be ((-42)/9)/(2/(-6)). Let v = 26 - j. Calculate the remainder when w is divided by v.
11
Suppose 49*d - 44*d = 140. What is the remainder when d is divided by 8?
4
Let p be 8*(-4)/((-24)/15). Let c = -12 + p. What is the remainder when (31/2)/(2/4) is divided by c?
7
Suppose 32*v = 28*v + 356. Calculate the remainder when v is divided by 31.
27
Let i = 57 + -19. Calculate the remainder when 113 is divided by i.
37
Suppose -j - 2*i + 0*i + 14 = 0, -2*i = -j + 26. Let b(h) = -h**3 + h**2 + 3*h + 1. Calculate the remainder when j is divided by b(-2).
6
Let s = 150 + -134. Calculate the remainder when 19 is divided by s.
3
Let f = 44 - 94. Let y = 75 + f. What is the remainder when y is divided by 13?
12
Let p = 19 - 9. Let b = 13 + -7. What is the remainder when p is divided by b?
4
Suppose 2*n - 5 = -3*n + 2*q, 20 = 4*q. Suppose n*w - a = 8 + 4, -18 = -2*w + 4*a. What is the remainder when 5 is divided by (-12)/(-9)*w/2?
1
Suppose -2*b - 5 + 1 = 4*f, -5*b = 2*f - 30. Calculate the remainder when 29 is divided by b.
5
Let b = 10 - -19. Calculate the remainder when b is divided by 9.
2
Let d(i) = -i**3 - 5*i**2 + 5*i - 3. Let h be d(-6). Suppose -5*w = -h*y + 77, -2*w = -0*w + 8. Calculate the remainder when y is divided by 7.
5
Suppose -3*f + 35 - 17 = 0. Calculate the remainder when 21 is divided by f.
3
Let h(d) = -d**3 - 6*d**2 + d + 8. Let j be h(-6). Let q = j + -2. Suppose -24 = -q*b - 2*b - m, 5*m + 36 = 2*b. Calculate the remainder when b is divided by 5.
3
Let h(b) = 6*b**2 - b - 4. Let t = -28 - -46. What is the remainder when h(-3) is divided by t?
17
Let b(c) = -c**2 + c + 1. Let s be b(-1). Let f = -20 + 54. What is the remainder when f is divided by (-1)/s*(-72)/(-4)?
16
Let s(h) = -7*h + 10 + 7*h**2 + h**2 - h**3 - 1. What is the remainder when 16 is divided by s(7)?
7
Calculate the remainder when 78 is divided by (-83)/(-4) + (-28)/16 + 1.
18
Let c(b) = 2*b**2 - b. Calculate the remainder when c(-4) is divided by -2 - (0/1 - 15).
10
Suppose 3 - 5 = -2*x - 4*g, 3*g = 3*x + 6. Let c be (0 - (-3)/1) + -20. What is the remainder when 22 is divided by c/(-2) + x/2?
6
Let q = 47 + -35. What is the remainder when 36 is divided by q?
0
Let u = 21 - 10. Suppose 0 = 2*j + j + 4*x + 73, -5*j - 5*x - 125 = 0. Calculate the remainder when u is divided by 6/j - 112/(-18).
5
Suppose 4*k + 228 = -4*z - 0*k, 4*z - k = -203. Let m = z + 90. Calculate the remainder when m is divided by 10.
8
Let k be 39/15 - (-4)/10. Suppose 0 = -2*s + k + 3. Calculate the remainder when 1 + -1*(0 - s) is divided by 3.
1
Calculate the remainder when 60*(2 + -8)/(-12) is divided by 17.
13
Let c = 1 - 1. What is the remainder when (2 + (-22)/3)*-6 is divided by 3 + c - (1 + -9)?
10
Suppose 2*w = 5*u + 26 - 11, -2*w - 10 = 0. Suppose -3 = -n, p - 19 = -5*n - 4. Let l = p - u. What is the remainder when 9 is divided by l?
4
Let h(i) = -i**3 + 9*i**2 + 10. Let s be 8/2 - (-4)/(-4). Suppose -s*z + 39 = 4*j, z - 14 = -j - 2. What is the remainder when 19 is divided by h(z)?
9
Let a = -3 + 11. Let h(t) = -10*t + a*t + 5 - 6*t - t**2. What is the remainder when h(-6) is divided by 10?
7
Let y = -54 + 91. What is the remainder when y is divided by 19?
18
Suppose 0 = 5*k - 4*k - 4*j - 21, 1 = -4*k - j. Let z(f) = f**3 + f - 1. Calculate the remainder when 1 is divided by z(k).
0
Let s(a) = 7*a + 2. Suppose -r = -5*h - 5, 3*h - 13 = 4*r - 118. Calculate the remainder when r is divided by s(2).
14
What is the remainder when (56/10)/(1/5) is divided by (-7)/2*280/(-98)?
8
Let z(c) = -c**2 - 10*c - 2. Let t be z(-9). What is the remainder when 85 is divided by ((-220)/70)/((-1)/t)?
19
What is the remainder when 25/(-5)*(-156)/10 is divided by 27?
24
Let y(r) = -5*r - 46. What is the remainder when 34 is divided by y(-10)?
2
Suppose 495 - 1167 = -4*b. Suppose -3*c + 209 = 5*p + 39, 3*p - b = -3*c. Calculate the remainder when c is divided by 28.
27
Let k = 8 + 16. Let x = k + -17. What is the remainder when x is divided by 3?
1
Let j(u) = 2*u**2 + 8*u. Suppose 6 = 4*x - 7*x. Let m be (4/(-3))/(x/(-9)). Calculate the remainder when j(m) is divided by 13.
11
Let z(x) = -x**3 + 4*x**2 + 2*x - 7. What is the remainder when 191 is divide